 when 539 is divided by 30.
29
What is the remainder when 46 is divided by 16?
14
Calculate the remainder when 67 is divided by 11.
1
Calculate the remainder when 130 is divided by 57.
16
Calculate the remainder when 95 is divided by 6.
5
What is the remainder when 9158 is divided by 1831?
3
Calculate the remainder when 118 is divided by 28.
6
Calculate the remainder when 700 is divided by 157.
72
What is the remainder when 1199 is divided by 24?
23
What is the remainder when 149 is divided by 133?
16
Calculate the remainder when 3133 is divided by 1042.
7
Calculate the remainder when 142 is divided by 56.
30
Calculate the remainder when 7881 is divided by 146.
143
What is the remainder when 2009 is divided by 101?
90
What is the remainder when 78 is divided by 9?
6
What is the remainder when 1379 is divided by 30?
29
What is the remainder when 67 is divided by 10?
7
Calculate the remainder when 705 is divided by 22.
1
Calculate the remainder when 67 is divided by 22.
1
What is the remainder when 34770 is divided by 201?
198
Calculate the remainder when 56 is divided by 34.
22
Calculate the remainder when 436 is divided by 106.
12
What is the remainder when 140 is divided by 24?
20
What is the remainder when 1794 is divided by 58?
54
What is the remainder when 69 is divided by 44?
25
Calculate the remainder when 147 is divided by 37.
36
What is the remainder when 465 is divided by 12?
9
Calculate the remainder when 197 is divided by 51.
44
Calculate the remainder when 1046 is divided by 4.
2
What is the remainder when 26 is divided by 5?
1
What is the remainder when 22 is divided by 6?
4
Calculate the remainder when 644 is divided by 5.
4
Calculate the remainder when 3086 is divided by 34.
26
Calculate the remainder when 278 is divided by 99.
80
Calculate the remainder when 36312 is divided by 28.
24
Calculate the remainder when 23558 is divided by 10.
8
What is the remainder when 9982 is divided by 39?
37
What is the remainder when 155 is divided by 9?
2
What is the remainder when 77 is divided by 29?
19
What is the remainder when 557 is divided by 53?
27
What is the remainder when 175 is divided by 44?
43
What is the remainder when 361 is divided by 4?
1
Calculate the remainder when 93 is divided by 40.
13
Calculate the remainder when 2053 is divided by 173.
150
What is the remainder when 215 is divided by 12?
11
Calculate the remainder when 1369 is divided by 214.
85
Calculate the remainder when 697 is divided by 25.
22
Calculate the remainder when 10034 is divided by 25.
9
What is the remainder when 507 is divided by 501?
6
Calculate the remainder when 61 is divided by 17.
10
What is the remainder when 59 is divided by 43?
16
Calculate the remainder when 69 is divided by 12.
9
What is the remainder when 53542 is divided by 12?
10
What is the remainder when 5745 is divided by 34?
33
Calculate the remainder when 26 is divided by 9.
8
What is the remainder when 541 is divided by 32?
29
Calculate the remainder when 196 is divided by 25.
21
What is the remainder when 412 is divided by 26?
22
What is the remainder when 258 is divided by 87?
84
Calculate the remainder when 116 is divided by 20.
16
What is the remainder when 147 is divided by 126?
21
What is the remainder when 35629 is divided by 16?
13
Calculate the remainder when 25 is divided by 3.
1
Calculate the remainder when 2281 is divided by 190.
1
What is the remainder when 443 is divided by 71?
17
Calculate the remainder when 166 is divided by 61.
44
What is the remainder when 267 is divided by 133?
1
Calculate the remainder when 216 is divided by 31.
30
Calculate the remainder when 6340 is divided by 151.
149
Calculate the remainder when 318 is divided by 64.
62
Calculate the remainder when 270 is divided by 134.
2
Calculate the remainder when 277 is divided by 32.
21
What is the remainder when 179 is divided by 57?
8
Calculate the remainder when 12318 is divided by 40.
38
What is the remainder when 2377 is divided by 61?
59
What is the remainder when 190 is divided by 64?
62
Calculate the remainder when 2906 is divided by 30.
26
Calculate the remainder when 186 is divided by 40.
26
What is the remainder when 485 is divided by 81?
80
What is the remainder when 2484 is divided by 1221?
42
Calculate the remainder when 229 is divided by 102.
25
Calculate the remainder when 1266 is divided by 347.
225
What is the remainder when 46 is divided by 16?
14
Calculate the remainder when 1288 is divided by 8.
0
What is the remainder when 5239 is divided by 262?
261
What is the remainder when 164 is divided by 5?
4
Calculate the remainder when 46 is divided by 25.
21
Calculate the remainder when 1088 is divided by 7.
3
What is the remainder when 133 is divided by 39?
16
Calculate the remainder when 2872 is divided by 87.
1
Calculate the remainder when 61 is divided by 23.
15
Calculate the remainder when 8636 is divided by 144.
140
What is the remainder when 4849 is divided by 121?
9
Calculate the remainder when 97 is divided by 15.
7
Calculate the remainder when 26 is divided by 22.
4
What is the remainder when 428 is divided by 86?
84
Calculate the remainder when 2855 is divided by 929.
68
What is the remainder when 260 is divided by 9?
8
What is the remainder when 396 is divided by 147?
102
Calculate the remainder when 274 is divided by 46.
44
Calculate the remainder when 3957 is divided by 21.
9
What is the remainder when 35 is divided by 8?
3
Calculate the remainder when 114 is divided by 3.
0
What is the remainder when 899 is divided by 50?
49
What is the remainder when 587 is divided by 105?
62
Calculate the remainder when 20 is divided by 12.
8
Calculate the remainder when 123 is divided by 68.
55
Calculate the remainder when 443 is divided by 90.
83
Calculate the remainder when 606 is divided by 605.
1
Calculate the remainder when 435 is divided by 19.
17
What is the remainder when 6353 is divided by 14?
11
What is the remainder when 200 is divided by 51?
47
Calculate the remainder when 125 is divided by 15.
5
What is the remainder when 1268 is divided by 1260?
8
What is the remainder when 2059 is divided by 5?
4
Calculate the remainder when 81 is divided by 58.
23
Calculate the remainder when 249 is divided by 46.
19
What is the remainder when 124 is divided by 21?
19
Calculate the remainder when 866 is divided by 124.
122
Calculate the remainder when 1698 is divided by 24.
18
Calculate the remainder when 114 is divided by 53.
8
What is the remainder when 301 is divided by 36?
13
Calculate the remainder when 91 is divided by 45.
1
What is the remainder when 5446 is divided by 68?
6
Calculate the remainder when 2373 is divided by 1186.
1
Calculate the remainder when 1044 is divided by 190.
94
What is the remainder when 6772 is divided by 88?
84
Calculate the remainder when 477 is divided by 50.
27
Calculate the remainder when 858 is divided by 40.
18
Calculate the remainder when 4143 is divided by 28.
27
What is the remainder when 57849 is divided by 65?
64
Calculate the remainder when 1954 is divided by 23.
22
What is the remainder when 1594 is divided by 42?
40
Calculate the remainder when 538 is divided by 36.
34
Calculate the remainder when 82 is divided by 47.
35
What is the remainder when 53 is divided by 14?
11
What is the remainder when 688 is divided by 53?
52
Calculate the remainder when 355 is divided by 20.
15
What is the remainder when 53 is divided by 14?
11
What is the remainder when 282 is divided by 26?
22
What is the remainder when 427 is divided by 111?
94
What is the remainder when 1928 is divided by 243?
227
Calculate the remainder when 1481 is divided by 48.
41
Calculate the remainder when 25 is divided by 22.
3
What is the remainder when 928 is divided by 240?
208
Calculate the remainder when 192 is divided by 52.
36
Calculate the remainder when 150 is divided by 52.
46
Calculate the remainder when 725 is divided by 13.
10
What is the remainder when 1803 is divided by 137?
22
Calculate the remainder when 912 is divided by 59.
27
What is the remainder when 1679 is divided by 27?
5
What is the remainder when 557 is divided by 56?
53
What is the remainder when 840 is divided by 45?
30
Calculate the remainder when 420 is divided by 226.
194
What is the remainder when